 factor of 76828?
False
Does 68 divide 2772836?
True
Is 15 a factor of 26440?
False
Is 18 a factor of 510480?
True
Is 15 a factor of 1052402?
False
Is 6327520 a multiple of 1420?
True
Does 752 divide 18990551?
False
Does 37 divide 4196614?
True
Is 16271544 a multiple of 1032?
True
Is 14 a factor of 10086134?
False
Does 5 divide 53097?
False
Is 258577 a multiple of 223?
False
Does 314 divide 1294056?
False
Is 2 a factor of 213434?
True
Is 13 a factor of 70613?
False
Does 456 divide 13791460?
False
Is 122705 a multiple of 23?
True
Is 310 a factor of 4309000?
True
Does 187 divide 80410?
True
Is 6 a factor of 12178?
False
Does 700 divide 3181240?
False
Is 65978 a multiple of 113?
False
Does 23 divide 352062?
False
Is 7 a factor of 1705515?
True
Is 67 a factor of 50048?
False
Does 101 divide 50610?
False
Is 399 a factor of 5752439?
False
Is 168 a factor of 621600?
True
Is 253073 a multiple of 78?
False
Is 7 a factor of 1700839?
True
Is 149 a factor of 136186?
True
Is 11 a factor of 94309?
False
Is 35596 a multiple of 7?
False
Does 5 divide 665938?
False
Is 180 a factor of 950580?
True
Is 275028 a multiple of 17?
False
Does 21 divide 8937?
False
Does 819 divide 3426706?
False
Is 73 a factor of 971305?
False
Is 40305 a multiple of 16?
False
Is 350656 a multiple of 226?
False
Does 529 divide 435896?
True
Is 14 a factor of 477050?
True
Is 1179226 a multiple of 224?
False
Is 27 a factor of 1944837?
True
Is 93355 a multiple of 9?
False
Is 36585 a multiple of 9?
True
Is 3765398 a multiple of 119?
True
Is 158080 a multiple of 10?
True
Is 237 a factor of 278475?
True
Is 67168 even?
True
Is 656 a factor of 1543771?
False
Is 115 a factor of 40135?
True
Is 113488 a multiple of 16?
True
Does 464 divide 1791715?
False
Does 621 divide 205117?
False
Does 54 divide 3888?
True
Is 885 a factor of 3430066?
False
Does 545 divide 1533630?
True
Is 170 a multiple of 5?
True
Is 183 a factor of 267363?
True
Is 311 a factor of 2365654?
False
Is 200 a factor of 845000?
True
Is 53 a factor of 3145285?
True
Does 12 divide 91958?
False
Is 12 a factor of 58440?
True
Is 565 a factor of 16821988?
False
Does 8 divide 2198995?
False
Does 4 divide 235621?
False
Does 85 divide 1494995?
False
Is 4444884 a multiple of 666?
True
Does 82 divide 861082?
True
Is 131 a factor of 259642?
True
Is 307740 a multiple of 460?
True
Is 3 a factor of 1681?
False
Is 39 a factor of 236886?
True
Does 670 divide 6890280?
True
Does 69 divide 41883?
True
Does 9 divide 377397?
True
Is 17 a factor of 378488?
True
Is 137821 a multiple of 283?
True
Is 38 a factor of 5655492?
False
Is 7374562 a multiple of 1071?
False
Is 100495 a multiple of 101?
True
Is 66079 a multiple of 34?
False
Does 67 divide 1433136?
False
Is 79 a factor of 1815400?
False
Is 22 a factor of 455378?
True
Is 31 a factor of 342528?
False
Does 566 divide 3011686?
True
Is 47 a factor of 1860307?
True
Is 100 a factor of 8818876?
False
Does 23 divide 262563?
False
Does 55 divide 1092960?
True
Does 116 divide 1496588?
False
Is 1976506 a multiple of 14?
True
Does 9 divide 169460?
False
Does 330 divide 11114099?
False
Does 304 divide 4576554?
False
Is 1141 a factor of 535129?
True
Does 16 divide 37168?
True
Does 120 divide 620508?
False
Is 20 a factor of 6368940?
True
Does 705 divide 9115650?
True
Does 6 divide 2095669?
False
Is 193655 a multiple of 55?
True
Does 38 divide 45790?
True
Does 7 divide 24829?
True
Is 109670 a multiple of 5?
True
Is 150990 a multiple of 10?
True
Is 200 a factor of 4615800?
True
Is 494 a factor of 245362?
False
Is 101 a factor of 5470968?
True
Is 2966104 a multiple of 21?
False
Is 1009479 a multiple of 291?
True
Does 18 divide 485600?
False
Does 18 divide 101376?
True
Is 409605 a multiple of 235?
True
Does 71 divide 191629?
True
Is 13 a factor of 157550?
False
Does 22 divide 77220?
True
Is 292040 a multiple of 392?
True
Does 7 divide 27044?
False
Is 40 a factor of 283109?
False
Is 43384 a multiple of 29?
True
Is 47 a factor of 83425?
True
Does 213 divide 106500?
True
Is 120 a factor of 90120?
True
Is 139790 a multiple of 21?
False
Does 26 divide 215332?
True
Is 120 a factor of 60050?
False
Does 548 divide 1992759?
False
Does 27 divide 174062?
False
Does 13 divide 1193738?
True
Is 161 a factor of 387030?
False
Is 10 a factor of 96070?
True
Is 813106 a multiple of 14?
True
Is 39 a factor of 80867?
False
Is 3 a factor of 831957?
True
Is 1265112 a multiple of 27?
True
Is 6 a factor of 511728?
True
Is 1405818 a multiple of 9?
True
Does 375 divide 3909658?
False
Is 9379734 a multiple of 220?
False
Is 4 a factor of 163665?
False
Is 567 a factor of 335969?
False
Is 16 a factor of 70944?
True
Is 106 a factor of 388384?
True
Is 169962 a multiple of 136?
False
Does 57 divide 226575?
True
Is 16 a factor of 864833?
False
Is 71 a factor of 70366?
False
Is 113490 a multiple of 65?
True
Is 42 a factor of 50988?
True
Does 1195 divide 247265?
False
Is 5022969 a multiple of 86?
False
Is 36312 a multiple of 77?
False
Is 451 a factor of 3884914?
True
Does 23 divide 165784?
True
Is 343 a factor of 11008127?
False
Is 34 a factor of 49232?
True
Does 128 divide 13766400?
True
Is 6264 a multiple of 9?
True
Does 296 divide 1005974?
False
Is 358 a factor of 3874542?
False
Is 160 a factor of 14176063?
False
Does 1385 divide 10602232?
False
Is 7246180 a multiple of 10?
True
Is 1819 a factor of 9829876?
True
Is 338 a factor of 91260?
True
Is 34 a factor of 2343832?
False
Does 9 divide 1250307?
True
Is 110 a factor of 41820?
False
Is 64 a factor of 768?
True
Is 434 a multiple of 14?
True
Does 169 divide 49885?
False
Is 2589306 a multiple of 31?
True
Does 40 divide 1750479?
False
Is 1052428 a multiple of 13?
True
Does 589 divide 1782314?
True
Does 5 divide 94505?
True
Is 3503067 a multiple of 369?
False
Is 211 a factor of 171754?
True
Does 28 divide 36579?
False
Is 300782 a multiple of 83?
False
Is 2219484 a multiple of 460?
False
Does 75 divide 1818600?
True
Is 274 a factor of 103846?
True
Is 14 a factor of 63756?
True
Is 19 a factor of 806656?
False
Is 8 a factor of 313728?
True
Is 7 a factor of 520391?
False
Does 268 divide 83422?
False
Is 405619 a multiple of 43?
True
Is 25 a factor of 261463?
False
Is 4270350 a multiple of 294?
True
Is 946556 a multiple of 668?
True
Is 101 a factor of 191289?
False
Is 627 a factor of 5063026?
False
Is 55224 a multiple of 52?
True
Is 215 a factor of 416455?
True
Is 21 a factor of 197022?
True
Is 222 a factor of 588744?
True
Is 1549695 a multiple of 105?
True
Is 115 a factor of 4598160?
True
Is 2 a factor of 99475?
False
Is 40 a factor of 1178192?
False
Does 20 divide 5140?
True
Is 13 a factor of 88990?
False
Is 781 a factor of 1662693?
False
Does 47 divide 237131?
False
Is 77170 a multiple of 163?
False
Is 7300135 a multiple of 24?
False
Is 120 a factor of 219302?
False
Does 100 divide 28600?
True
Is 17 a factor of 15774929?
True
Is 1389714 a multiple of 11?
False
Is 39 a factor of 291418?
False
Is 350 a factor of 148050?
True
Does 4 divide 8492?
True
Does 7 divide 3068320?
False
Is 37 a factor of 972730?
True
Is 473858 a multiple of 17?
True
Is 37 a factor of 85747?
False
Does 13 divide 404050?
False
Does 18 divide 34056?
True
Does 17 divide 559300?
True
Does 14 divide 5063016?
True
Does 15 divide 109030?
False
Is 146 a factor of 537426?
True
Does 6 divide 746238?
True
Is 140310 a multiple of 30?
True
Does 113 divide 235939?
False
Is 2666390 a multiple of 115?
True
Is 1493 a factor of 9148922?
False
Is 13 a factor of 175097?
True
Is 3 a factor of 38935?
False
Does 72 divide 462384?
True
Does 13 divide 103727?
True
Does 22 divide 512699?
False
Is 103 a factor of 212077?
True
Is 219 a factor of 19323465?
True
Is 383 a factor of 386780?
False
Is 3 a factor of 70570?
False
Is 128 a factor of 6179200?
True
Is 252195 a multiple of 17?
True
Is 205 a factor of 18666275?
True
Does 290 divide 4226228?
False
Is 56660 a multiple of 282?
False
Is 769 a factor of 2715211?
False
Does 913 divide 7174354?
True
Does 32 divide 20856432?
False
Does 12 divide 2054868?
True
Does 120 divide 280320?
True
Is 222 a factor of 157469?
False
Is 322184 a multiple of 17?
True
Is 146 a factor of 360620?
True
Is 13339677 a multiple of 327?
False
Does 33 divide 3255154?
False
Is 7367649 a multiple of 19?
True
Does 91 divide 1181544?
True
Is 50 